e highest common factor of q and 136?
8
Let z be (-16 + (-5 - 4))/((-5)/3). What is the greatest common divisor of 27 and z?
3
Suppose 9 = 9*o + 369. Let k = 106 + o. Calculate the greatest common factor of k and 6.
6
Suppose -3813 - 4059 = -24*l. What is the highest common factor of 16 and l?
8
Suppose 3*n + 504 - 9 = 5*t, -560 = -5*t - 10*n. Let d be ((-170)/(-3))/((-6)/(-27)). Calculate the highest common factor of t and d.
51
Let l(s) = -12*s + 12. Let p be l(-2). Suppose -20*u - 128 = -p*u. Calculate the highest common factor of u and 7.
1
Let f be ((-132)/33 + (-18)/(-2))*347. Calculate the highest common divisor of f and 20.
5
Suppose 949*f - 918*f - 956722 = 0. What is the highest common divisor of f and 78?
26
Suppose 22*h - 5*y + 22 = 20*h, 2*y = 3*h. Suppose -652 = -2*o + 4*p, 5*o - p - 1585 = -0*p. What is the highest common divisor of h and o?
4
Let p = -7992 - -7997. Calculate the greatest common divisor of 73 and p.
1
Let c(m) = -m**3 + m**2 + 23*m + 47. Let l be c(6). What is the greatest common factor of l and 7165?
5
Suppose 2*z = -j + 260, 12*j - 17*j - 748 = -6*z. Let i = -52 - -150. Let r = z - i. Calculate the greatest common factor of 45 and r.
15
Let u = 12979 - 11593. What is the greatest common factor of u and 165?
33
Let y be 7 - ((-6)/(-8))/((-74)/(-296)). What is the greatest common factor of y and 8704?
4
Let n(q) = -18 + 20 - 17*q**3 - 3*q**2 - 12 + 8 + 5*q**2. Suppose 1 = -0*z - z. Let p be n(z). What is the highest common divisor of p and 51?
17
Let l(d) = d + 18. Let w be l(-12). Suppose -4 = -g - w. Let t be 5/((-20)/(-8)) - g. Calculate the highest common divisor of 6 and t.
2
Suppose -13*m + 4760 = 4*m. Let y = m + -162. What is the greatest common divisor of 2 and y?
2
Let l = -77 - -212. Suppose 7*z - 77 = -21. Suppose -z*q - 972 = -26*q. Calculate the greatest common divisor of q and l.
27
Let m(v) = 18*v + v**2 - 2*v**2 + 2 - 11*v. Let r be m(7). Suppose g - r*g - 31 = -4*s, 2*g = 5*s - 35. Calculate the greatest common divisor of 6 and s.
3
Suppose 9*p + 661 + 923 = 0. Let l be p/66*3/(-4) + 1. What is the highest common factor of 1 and l?
1
Suppose 4*s = w + s - 1140, 0 = 4*s + 20. Calculate the highest common factor of w and 99.
9
Let w = -380 - -215. Let q = -87 - w. Suppose -4*l + q = u, -3*u - 4*l = -9*l - 166. What is the highest common factor of u and 31?
31
Let f be (-5*3)/((-6)/10). Suppose -75 = -j + 3*s, -3*j + 4*s = 8*s - 160. Let v = j - 50. Calculate the highest common factor of v and f.
5
Suppose -174 = -4*l - 3*k, -11*k + 8*k - 186 = -4*l. Calculate the greatest common factor of 2265 and l.
15
Let c(f) = -9*f + 288. Let x be c(12). Calculate the greatest common divisor of x and 870.
30
Suppose 7*s - 14 = 553. Let d(y) = -18*y - 5. Let w be d(-3). Let p = s - w. Calculate the highest common factor of 4 and p.
4
Suppose 3633 + 14187 = 41*m + 121*m. What is the highest common divisor of 8910 and m?
110
Let h(g) = 5*g**2 + 11*g - 46. Let q be h(6). What is the highest common factor of q and 232?
8
Let u(r) = -2*r**2 + 13*r - 15. Let q be u(4). Suppose q*j - 221 = 3*f, 19 = -2*j - 2*f + 117. What is the highest common divisor of 138 and j?
46
Suppose 10*o - 7*o + 126 = 0. Let f = -37 - o. Suppose -2*a - 4*r = -20 - 22, -f*r = -4*a + 71. Calculate the greatest common factor of 38 and a.
19
Let s be 1/2 + 141799/188*(-6)/(-21). Calculate the highest common factor of 648 and s.
216
Suppose 10*i = 3*i - 728. Let n = -91 - i. Let s = n + 13. What is the highest common factor of 13 and s?
13
Suppose 164*u - 156*u = 512. Calculate the highest common divisor of u and 3728.
16
Let g be 58554/8 - (2782/(-104) - -26). What is the highest common factor of 240 and g?
120
Suppose 4*t - 56 = 2*r, -4*r - r = 20. Suppose -17*z = -t*z - 100. What is the highest common factor of 60 and z?
20
Suppose 10*q + 4*q + 12*q = 0. Suppose -7*t + 3*t + 108 = q. Suppose -2*v - 2*v + 540 = 0. What is the greatest common divisor of t and v?
27
Let s = 4863 - -6740. Calculate the greatest common divisor of s and 41.
41
Suppose -5*q + 3643 = 2177*b - 2180*b, 3*b = -3*q + 2181. What is the greatest common divisor of q and 17836?
364
Let a = 4864 + -4264. Calculate the greatest common factor of 75 and a.
75
Let u be 2*2/(-7) + 1521/273. Suppose 2*z + 3*o = -3*z + 110, -110 = -4*z + 2*o. What is the greatest common factor of z and u?
5
Let h = -1661 - -1866. Calculate the highest common factor of h and 4715.
205
Let a be 6872/14 + (-4902)/5719. Let k be -10*(0/2 - 1). Calculate the highest common factor of k and a.
10
Suppose 149*l - 33571 - 33476 = -19218. Calculate the highest common factor of l and 428.
107
Suppose -2*c + 4*b + 1296 = 0, -16*b - 2580 = -4*c - 14*b. Let r = c - 633. Calculate the greatest common divisor of r and 264.
11
Let g be ((-7)/7 + 1)/(-2). Let j be (g + 252)*(-28)/(-16). Calculate the greatest common divisor of j and 49.
49
Let v(s) = -s**3 - 19*s**2 + 21*s + 21. Let h be v(-20). Let i = -80 + 57. Let z = -21 - i. What is the greatest common divisor of z and h?
1
Let i = -328 + 326. Let l be (56 + i)*1*(-24)/(-4). What is the greatest common divisor of 24 and l?
12
Let x = -5534 - -5572. What is the highest common divisor of 4066 and x?
38
Let u be 45/2 + ((-74)/481 - (-18)/(-52)). Calculate the highest common divisor of 26180 and u.
22
Suppose -2*s + 15 - 3 = -i, 0 = 2*i. Suppose s*u = 79 - 31. Let d be (-3 - -7)*6/u. What is the highest common factor of 21 and d?
3
Let r(y) = -y**2 - 32*y + 64. Let z be (320/30)/(2/(-6)). Let u be r(z). What is the greatest common factor of 80 and u?
16
Suppose 5*x = -37 + 57. Suppose x*w - 360 = -11*w. Calculate the greatest common factor of w and 228.
12
Let q be (-8 + (4 - -3))/((-44)/4004). Let d(s) = s**3 + s**2 + 7. Let f be d(0). What is the highest common factor of f and q?
7
Suppose 34 = -0*k + 2*k. Let f = k + -5. Suppose -4*b + f = -132. Calculate the highest common divisor of 18 and b.
18
Let i(z) = -z**2 + 141*z + 2702. Let j be i(-17). What is the highest common factor of 804 and j?
4
Suppose -7 + 10 = w. Suppose 127 - 28 = w*t. Suppose -5*v + 657 - 162 = 0. What is the greatest common factor of v and t?
33
Let p be 77444/80 + 2/(-40). Calculate the greatest common divisor of p and 264.
88
Suppose -6*l - 2*m + 538 = -4*l, -3*l - 4*m + 812 = 0. Suppose -5*j = 3*i - 0*j - 42, 144 = 7*i + 4*j. What is the highest common divisor of i and l?
24
Let o(y) = -y**2 + 73*y + 743. Let l be o(82). Suppose -2*s + 1 = -5. Suppose s*h = -h + 20, -h = p - 10. What is the greatest common divisor of l and p?
5
Suppose 169 = g - 4*m, 185 = g + 32*m - 28*m. Let w = -145 + g. Suppose -4*k + 5*q = -116 - 96, q + 196 = 4*k. What is the highest common divisor of k and w?
16
Suppose -62*m + 61*m = -16. Let i = m + 14. Calculate the highest common factor of i and 24.
6
Suppose 2*m - 2*z = 2826, -32*z + 2868 = 2*m - 27*z. What is the greatest common factor of m and 99?
33
Let u(d) = -116*d. Let v be (-2 + 38)/(-4 + (-35)/(-10)). Let t = v - -71. Let f be u(t). Calculate the greatest common factor of 29 and f.
29
Let n be (-771)/(-6) - (-2)/(-4). Let s be (4 - 130)*(2 - 3). Suppose 0 = 13*g - s - 82. What is the greatest common divisor of n and g?
16
Suppose -24*u = -15*u - 2646. Suppose -7*f + f = -u. Calculate the highest common factor of 7 and f.
7
Let f(b) = b**2 - 3*b - 10. Let d be f(-7). Suppose -3*m = m + 5*q - 78, 3*q = -3*m + d. Let l be 16/6*m/4*3. Calculate the greatest common divisor of 33 and l.
11
Suppose 4*k = -5*a - 16 - 20, 2*k + 16 = -3*a. Let m = -12 - k. Suppose -h = -o + 54, m*o + 2*h = -2*o + 222. What is the greatest common divisor of 5 and o?
5
Let l(p) be the second derivative of -p**5/20 - p**3/2 - 3*p**2 + 2*p - 76. Let i be l(-4). Calculate the greatest common divisor of 28 and i.
14
Suppose 2*i + 13*i = 135. Suppose 15*m - 48 = i*m. Calculate the greatest common factor of 100 and m.
4
Suppose -2*d - 1103 = -3*a, -121 - 1002 = -3*a - 2*d. Suppose 0 = -1670*t + 1654*t + 112. What is the highest common factor of t and a?
7
Suppose 0 = -3*q + 6, 5*w = -5*q - 141 - 1979. Let g be (-19099)/w + 10/(-12). Calculate the greatest common factor of 16 and g.
4
Let l(r) be the second derivative of 29*r + 5/12*r**4 - 1/20*r**5 + 0 + 13/2*r**2 + 3/2*r**3. Let 